5) to base 14.
9a1959
Convert -10522042 (base 6) to base 9.
-540458
Convert -214116030 (base 7) to base 2.
-110000111111111111100100
What is -2038210 (base 9) in base 7?
-12152445
Convert 2413101041 (base 5) to base 9.
11470602
20111010012 (base 3) to base 12
61a65
What is 445a7 (base 11) in base 10?
64610
What is 24522450 (base 6) in base 15?
1089b9
Convert -1237665 (base 9) to base 11.
-421049
712823 (base 11) to base 12
472bb1
Convert -86b31 (base 13) to base 2.
-111011011101110001
Convert -130312311221 (base 4) to base 2.
-11100110110110101101001
5648e (base 16) to base 3
122221210201
What is -3200122012 (base 4) in base 7?
-10545544
What is -222425 (base 8) in base 10?
-75029
-222131234 (base 6) to base 7
-46130626
What is 130166 (base 10) in base 14?
35618
What is 2522341 (base 6) in base 4?
201002311
What is 52c0c9 (base 13) in base 10?
1940116
What is -1214123003 (base 5) in base 9?
-5368245
2b910 (base 12) to base 10
61788
What is 1132331321 (base 4) in base 16?
5ef79
What is 20263303 (base 8) in base 11?
2468278
Convert -101100001100101111111 (base 2) to base 15.
-1d91e9
Convert -513979 (base 11) to base 13.
-22b706
Convert -38a473 (base 13) to base 11.
-852697
-12540464 (base 8) to base 6
-140020032
What is -2220120200112 (base 3) in base 14?
-2c3953
Convert 1100111111010110101000 (base 2) to base 16.
33f5a8
What is 5367c (base 13) in base 11?
a30a0
What is a4458a (base 12) in base 15?
35e237
What is 325488 (base 16) in base 15?
4524b0
What is 167581 (base 9) in base 2?
11001011000111100
-102121321300 (base 4) to base 3
-100002010020011
What is -7745cf (base 16) in base 7?
-123304040
2a0635 (base 13) to base 15
154e6e
-103202233211 (base 4) to base 5
-2302414140
Convert 6771741 (base 8) to base 13.
4c1a8a
What is -11544551 (base 6) in base 9?
-625824
-11121200212 (base 3) to base 5
-10402110
Convert 122012010 (base 3) to base 13.
591c
Convert -139f6 (base 16) to base 3.
-11002020211
What is 109675 (base 11) in base 3?
22211110110
Convert 142535 (base 10) to base 13.
4cb53
1a163 (base 16) to base 11
73308
Convert -34162 (base 7) to base 4.
-2013130
-4053035 (base 7) to base 10
-483656
61193a (base 12) to base 8
5622376
What is 1704505 (base 8) in base 11?
308084
What is -1119158 (base 10) in base 2?
-100010001001110110110
45030046 (base 7) to base 11
221739a
-46220430 (base 8) to base 7
-151204650
Convert 20100222112 (base 3) to base 2.
11110100110111111
101639 (base 10) to base 12
4a99b
What is 2542232 (base 7) in base 5?
41022434
Convert -17676 (base 12) to base 7.
-200334
2123030420 (base 5) to base 2
10001001011000111100001
What is 3967855 (base 12) in base 15?
edd87e
-a91b2 (base 15) to base 9
-1007575
What is -4777260 (base 9) in base 4?
-21320122101
Convert 3242331 (base 5) to base 14.
16578
-110101110001100000 (base 2) to base 10
-220256
3065361 (base 7) to base 16
5a26a
What is 222002222222 (base 3) in base 7?
4240244
4024040234 (base 5) to base 3
120010011022212
What is -126946 (base 12) in base 16?
-49bc6
Convert 11223320232 (base 4) to base 11.
928900
Convert 881841 (base 11) to base 14.
28910c
Convert 1174935 (base 10) to base 7.
12662316
Convert 308a63 (base 11) to base 15.
9ba55
Convert -245c (base 16) to base 6.
-111032
Convert 2916de (base 15) to base 2.
111100011001110101101
Convert -587502 (base 10) to base 4.
-2033123232
190a1 (base 13) to base 9
73430
What is 3442014143 (base 5) in base 9?
15547035
What is b517 (base 15) in base 5?
2211042
What is -212100022 (base 3) in base 14?
-62b8
What is -1a1696 (base 11) in base 3?
-120201201112
Convert 10100111001101110100001 (base 2) to base 13.
119b00b
Convert 2374376 (base 11) to base 7.
50100013
Convert -12c87ea (base 15) to base 4.
-303223003012
Convert 127541 (base 9) to base 10.
77716
e292 (base 16) to base 7
331050
What is -445117 (base 11) in base 14?
-146830
47b7 (base 13) to base 14
398d
What is 2454140 (base 7) in base 2?
1001101001001001100
What is -284814 (base 9) in base 13?
-61372
What is a6885 (base 11) in base 12?
75b69
What is -184a28 (base 11) in base 6?
-10034131
-2241c (base 13) to base 2
-1111001100001001
What is 120333310 (base 4) in base 16?
18ff4
-543608 (base 15) to base 8
-17231552
Convert 1010001110100010 (base 2) to base 13.
160b4
-1110000101110011000101 (base 2) to base 12
-12a1719
Convert 15705a7 (base 13) to base 12.
237ba9b
What is -1bc5a (base 15) in base 10?
-90535
Convert -1408708 (base 9) to base 5.
-144232134
What is 1423341 (base 5) in base 10?
29846
Convert 17aa647 (base 13) to base 10.
7734513
What is 1ca127 (base 16) in base 7?
21643104
16f93 (base 16) to base 11
64775
-13050205 (base 6) to base 4
-1220013131
-1a5768 (base 14) to base 12
-392414
-4835552 (base 10) to base 6
-251350452
Convert 28338 (base 13) to base 11.
515a1
314670 (base 12) to base 10
775092
-1545170 (base 8) to base 6
-13312224
21687 (base 11) to base 16
7aca
Convert 3000202103 (base 4) to base 11.
499564
120212304 (base 5) to base 4
2013101133
Convert 3514600 (base 8) to base 5.
221104200
-423114 (base 6) to base 5
-2100030
Convert -2e817 (base 16) to base 13.
-6891b
Convert 1100011110010000110 (base 2) to base 8.
1436206
Convert -11045 (base 13) to base 8.
-74137
What is -14a3328 (base 13) in base 11?
-3801254
1202121320 (base 4) to base 3
202110220022
1010101111001000 (base 2) to base 6
535332
-131296 (base 11) to base 5
-23103102
-1423201 (base 5) to base 12
-152b5
-1010110100111001110101 (base 2) to base 14
-53c43b
23261655 (base 8) to base 16
4d63ad
573536 (base 9) to base 13
c063c
Convert -21255330 (base 6) to base 15.
-c68e6
What is -395879 (base 11) in base 16?
-98027
What is -283868 (base 9) in base 14?
-47319
Convert -211302421 (base 5) to base 10.
-884736
Convert -2102001002 (base 3) to base 15.
-e0ae
a6832 (base 14) to base 8
1421474
1dad1a2 (base 14) to base 5
12311111133
What is 212122220011 (base 3) in base 5?
104401004
Convert -58789 (base 11) to base 13.
-2c79b
-6374 (base 16) to base 9
-37828
1671105 (base 8) to base 15
998da
738819 (base 10) to base 6
23500243
-2222101111021 (base 3) to base 6
-53525224
121220313 (base 5) to base 7
4563023
What is -152a3 (base 12) in base 15?
-8c5c
-186328 (base 10) to base 2
-101101011111011000
Convert -43024332 (base 5) to base 12.
-155055
What is -6e978 (base 16) in base 9?
-760335
Convert -434033 (base 8) to base 16.
-2381b
Convert 1001000000010001 (base 2) to base 11.
25789
Convert 11111010100011011 (base 2) to base 9.
214866
Convert -183ba9c (base 13) to base 4.
-132022313112
Convert -100101412 (base 5) to base 12.
-16bbba
233332032 (base 4) to base 7
1445604
Convert d6034 (base 14) to base 2.
1111101111101001110
Convert 1012504 (base 8) to base 5.
32030323
What is -10000122100010 (base 3) in base 4?
-12020110302
143156 (base 9) to base 11
5a908
Convert -20012222120 (base 4) to base 8.
-10065230
Convert -9a3a0a (base 12) to base 8.
-11267752
13132220 (base 4) to base 16
77a8
What is -1054dba (base 16) in base 2?
-1000001010100110110111010
181583 (base 10) to base 13
6485c
Convert -186755 (base 9) to base 3.
-12220211212
Convert 995454 (base 10) to base 8.
3630176
Convert 3878021 (base 10) to base 6.
215041445
Convert -2926253 (base 10) to base 2.
-1011001010011010101101
Convert -21121021212 (base 3) to base 7.
-1162214
122020111 (base 5) to base 10
579406
Convert 19b2f1 (base 16) to base 12.
6927a9
720604 (base 9) to base 15
8678a
What is 1100001110010111000101 (base 2) in base 13?
8827aa
What is a1c444 (base 13) in base 4?
32120010023
38d346 (base 15) to base 3
12010120202110
What is -2a2da (base 14) in base 7?
-614463
What is -1037006 (base 8) in base 4?
-1003320012
1534730 (base 8) to base 4
1223213120
Convert 141016 (base 10) to base 6.
3004504
21020302 (base 4) to base 16
9232
Convert -253403 (base 7) to base 5.
-2444342
-100100111001011000 (base 2) to base 10
-151128
Convert -2cfde (base 16) to base 8.
-547736
Convert -a348b2 (base 14) to base 2.
-10101000000010010001100
-243245152 (base 6) to base 2
-10001101101000000111100
21240166 (base 7) to base 14
350ca6
3101664 (base 9) to base 11
a30183
66246 (base 12) to base 14
3735c
Convert -113232010 (base 5) to base 14.
-d8d6d
6820 (base 11) to base 14
33b2
Convert -102111200 (base 3) to base 16.
-20c4
Convert 121000222011 (base 3) to base 12.
1